{"id":52,"date":"2019-01-16T13:05:47","date_gmt":"2019-01-16T13:05:47","guid":{"rendered":"http:\/\/mackowiakmeble.com\/?page_id=52"},"modified":"2019-01-16T19:01:37","modified_gmt":"2019-01-16T19:01:37","slug":"o-firmie","status":"publish","type":"page","link":"https:\/\/mackowiakmeble.com\/index.php\/o-firmie\/","title":{"rendered":"O firmie"},"content":{"rendered":"<p style=\"text-align: left;\">Jako firma <strong>Ma\u0107kowiak &#8211; meble na wymiar<\/strong>, \u015bwiadczymy us\u0142ugi zwi\u0105zane z dostarczaniem wysokiej jako\u015bci mebli. To, co oferujemy naszym klientom to wsparcie ich w ca\u0142ym procesie. Pomagamy im przy wyborze odpowiednich materia\u0142\u00f3w i rozwi\u0105za\u0144. Nast\u0119pnie wsp\u00f3lnie sporz\u0105dzamy projekt i nanosimy na niego poprawki. Ca\u0142o\u015b\u0107 ko\u0144czy si\u0119 wykonaniem i monta\u017cem zam\u00f3wionych produkt\u00f3w w domu klienta.<\/p>\n<p>Dzia\u0142amy g\u0142\u00f3wnie na terenie wojew\u00f3dztwa wielkopolskiego i dolno\u015bl\u0105skiego, ale s\u0142u\u017cymy pomoc\u0105 klientom z ca\u0142ego kraju.<\/p>\n","protected":false},"excerpt":{"rendered":"<p>Jako firma Ma\u0107kowiak &#8211; meble na wymiar, \u015bwiadczymy us\u0142ugi zwi\u0105zane z dostarczaniem wysokiej jako\u015bci mebli. To, co oferujemy naszym klientom to wsparcie ich w ca\u0142ym procesie. Pomagamy im przy wyborze odpowiednich materia\u0142\u00f3w i rozwi\u0105za\u0144. Nast\u0119pnie wsp\u00f3lnie sporz\u0105dzamy projekt i nanosimy na niego poprawki. Ca\u0142o\u015b\u0107 ko\u0144czy si\u0119 wykonaniem i monta\u017cem zam\u00f3wionych produkt\u00f3w w domu klienta. Dzia\u0142amy <a href=\"https:\/\/mackowiakmeble.com\/index.php\/o-firmie\/\" rel=\"nofollow\"><span class=\"sr-only\">Read more about O firmie<\/span>[&hellip;]<\/a><\/p>\n","protected":false},"author":1,"featured_media":0,"parent":0,"menu_order":0,"comment_status":"closed","ping_status":"closed","template":"template-fullwidth-no-title.php","meta":{"_monsterinsights_skip_tracking":false,"_monsterinsights_sitenote_active":false,"_monsterinsights_sitenote_note":"","_monsterinsights_sitenote_category":0,"footnotes":""},"class_list":["post-52","page","type-page","status-publish","hentry"],"_links":{"self":[{"href":"https:\/\/mackowiakmeble.com\/index.php\/wp-json\/wp\/v2\/pages\/52","targetHints":{"allow":["GET"]}}],"collection":[{"href":"https:\/\/mackowiakmeble.com\/index.php\/wp-json\/wp\/v2\/pages"}],"about":[{"href":"https:\/\/mackowiakmeble.com\/index.php\/wp-json\/wp\/v2\/types\/page"}],"author":[{"embeddable":true,"href":"https:\/\/mackowiakmeble.com\/index.php\/wp-json\/wp\/v2\/users\/1"}],"replies":[{"embeddable":true,"href":"https:\/\/mackowiakmeble.com\/index.php\/wp-json\/wp\/v2\/comments?post=52"}],"version-history":[{"count":9,"href":"https:\/\/mackowiakmeble.com\/index.php\/wp-json\/wp\/v2\/pages\/52\/revisions"}],"predecessor-version":[{"id":73,"href":"https:\/\/mackowiakmeble.com\/index.php\/wp-json\/wp\/v2\/pages\/52\/revisions\/73"}],"wp:attachment":[{"href":"https:\/\/mackowiakmeble.com\/index.php\/wp-json\/wp\/v2\/media?parent=52"}],"curies":[{"name":"wp","href":"https:\/\/api.w.org\/{rel}","templated":true}]}}